ppose 4*q - 2*q - 12 = 0. What is the highest common divisor of k and q?
6
Let p(q) = q**2 + 5*q - 56. Let h be p(-13). Calculate the greatest common divisor of 12 and h.
12
Suppose q + g = -3*q + 165, -3*g = -q + 25. What is the highest common divisor of q and 24?
8
Let r be 350/(-20)*72/(-14). Calculate the greatest common factor of 36 and r.
18
Suppose 6*t - 4*t - 3*q - 275 = 0, -4*t + 2*q + 546 = 0. Calculate the greatest common divisor of t and 8.
8
Let u(m) = -2*m**2 + 198. Let s be u(0). What is the highest common divisor of s and 18?
18
Suppose t + 110 = 6*t. What is the greatest common divisor of t and 11?
11
Suppose 0 = -2*z + 21 - 19. What is the highest common divisor of z and 8?
1
Let j be -2 - 22*(-2 + 1). Let n be -20*(-5)/(j/14). Calculate the highest common factor of 28 and n.
14
Suppose 4*u - 62 = -z - 0*z, 5*u - 5*z - 65 = 0. What is the greatest common factor of u and 6?
3
Let h = 9 - 9. Suppose -3*y - 4*i + 7*i + 63 = h, -4*y - 5*i = -84. What is the highest common factor of y and 3?
3
Let x(y) = -y**3 + y**2 - 3*y - 3. Let r be x(-2). What is the highest common divisor of 3 and r?
3
Suppose 0 = -3*g - 2*g. Let p be 3 - (-85 + 0 + g). What is the highest common factor of 8 and p?
8
Suppose -6*n = 3*n - 198. Calculate the highest common factor of n and 22.
22
Let q be 2/8 + 141/12. Let y = 43 - 19. Calculate the greatest common divisor of y and q.
12
Suppose -12*a + 2*i = -9*a - 64, 3*a - 84 = -3*i. What is the greatest common divisor of a and 216?
24
Let g(r) = 14*r + 1. Let y be g(1). Suppose -23 = -j + 22. Calculate the greatest common factor of j and y.
15
Let x(y) = 10*y. Let u be (-1 + 1)/3 - -1. Let l be x(u). Let m = -5 + l. Calculate the greatest common divisor of 1 and m.
1
Let t be 3/(2/(-2) + 2). Let n be (2 + 1 - 1) + t. What is the highest common factor of n and 45?
5
Suppose 2*j + 4*d - 2 + 24 = 0, -3*j + 17 = -4*d. Let r be ((-21)/(-9))/(j/3). Let p be (-2)/(-7) + (-61)/r. What is the greatest common divisor of 1 and p?
1
Suppose r + 2 = 3*c, 0 = -7*c + 6*c + 5*r + 10. Suppose c*w - 54 = -3*w. Calculate the highest common divisor of 198 and w.
18
Suppose 15 = 7*l - 97. Calculate the highest common factor of l and 24.
8
Let h(k) = 2*k + 3. Let y be h(5). What is the highest common factor of 65 and y?
13
Suppose 3*o = 5*o - 14. What is the highest common divisor of 21 and o?
7
Suppose 46 = k + 25. What is the greatest common factor of k and 3?
3
Suppose -6*x = -8*x + 28. Let w = 337 + -183. What is the highest common divisor of w and x?
14
Suppose o + 23 = 2*o. Calculate the highest common factor of 92 and o.
23
Suppose -5*g = -20, 0*f + 5*g - 12 = -2*f. Let k be f/(-2) - (-2)/(-2). What is the greatest common factor of k and 1?
1
Suppose 0 = -d - 3*h + 8, h - 3*h = 4*d - 72. Calculate the highest common divisor of d and 160.
20
Let q(r) = 26*r**2 - r. Let c be q(1). What is the highest common divisor of 10 and c?
5
Suppose 5*k + 34 + 31 = 0. Let r = 20 + k. Suppose -3*n = -n + 3*b - 62, -5*n + 4*b + 132 = 0. What is the highest common factor of r and n?
7
Let l = -45 - -32. Let d(a) = a**2 + 11*a - 19. Let z be d(l). Calculate the greatest common divisor of 7 and z.
7
Let g(t) = t**2 - 7*t - 5. Let a be g(-5). Suppose -5*q + 2*q = -66. Calculate the highest common divisor of a and q.
11
Suppose -235 = -3*u + 2*n, -5*u = 5*n - 2*n - 360. Let x be (-73)/(-5) + 4/10. What is the highest common factor of x and u?
15
Let z = 2 + 1. Calculate the greatest common divisor of 3 and z.
3
Let v(k) = -k + 4. Let l be v(4). Let q be -12 + 1 + l/(-3). Let p = -4 - q. What is the highest common factor of p and 14?
7
Let t = 2 + -8. Let u(s) = s**2 + s - 6. Let i be u(t). Let h(v) = -v**3 + 4*v**2 + 7*v - 7. Let z be h(5). Calculate the highest common factor of i and z.
3
Let m = -135 - -152. Calculate the highest common divisor of m and 1.
1
Let s = -32 + 40. Calculate the greatest common factor of s and 24.
8
Let z(r) = r**3 + 1. Let d be z(-1). Suppose 2*o + o - 288 = d. What is the highest common factor of o and 12?
12
Let i = -9 - -15. Calculate the greatest common divisor of i and 18.
6
Suppose -29 = -4*c + 43. Let j be (2 - 1/(-2))*c. Suppose -2*w = -4*t - 34, -w + 3 = -2*w - 3*t. Calculate the highest common factor of j and w.
9
Let h be 3 + (0 - -1)*12. Calculate the greatest common factor of h and 75.
15
Suppose -2*m - 12 = 2*m. Let w be m - (0 - (-2 + 13)). What is the highest common divisor of 32 and w?
8
Let h(r) = r**2 - 6*r + 3. Let z be h(4). Let f = 0 - z. What is the greatest common factor of f and 15?
5
Suppose -4*x + 5*f = 2, -3*x + 0*f + 4*f - 2 = 0. Calculate the greatest common divisor of x and 4.
2
Let v = 16 - 1. Suppose -8*o + 25 = -3*o. Calculate the greatest common factor of o and v.
5
Let j(c) = -4*c + 4. Let o be j(-4). What is the highest common divisor of o and 30?
10
Let p = 51 + -43. Calculate the highest common factor of 2 and p.
2
Let t(g) be the second derivative of g**5/60 - g**2 - g. Let r(s) be the first derivative of t(s). Let d be r(-3). What is the highest common factor of d and 3?
3
Let v be 790/70 + (-2)/7. Suppose 4*u = 37 + 31. Let m = u - v. What is the highest common divisor of m and 48?
6
Let m be 1 - (6/2 - 2). Suppose m = -0*g - 5*g + 120. Let r = -89 - -92. Calculate the greatest common divisor of r and g.
3
Let g be ((-4)/5)/(4/(-10)). Let t(v) = v**2 + 2*v - 2*v**2 + 4*v - 3. Let f be t(g). What is the highest common factor of 15 and f?
5
Let j be 136 + (4 - (9 + -1)). What is the highest common divisor of 12 and j?
12
Suppose 0 = 4*s, -3*s - 6 = 3*j - 5*s. Let y(v) = -3*v - 8. Let t be y(-5). Let d = t + j. Calculate the greatest common factor of d and 25.
5
Let v(o) = -o**2 + 6*o + 4. Suppose -2*l + 18 = 4*u, 2*u - 5*l + 27 = 6. Suppose u*s - 15 = -s. Let t be v(s). Calculate the highest common divisor of t and 81.
9
Let b(r) = r**2 + 4*r - 26. Let n be b(-19). What is the highest common factor of 37 and n?
37
Let h(o) = -2*o + 45. Let w be h(0). Let p = -32 + w. Suppose -3*d - 26 = -5*d. What is the highest common factor of p and d?
13
Suppose -o = -6 - 8. Let d = 23 - o. What is the highest common divisor of 81 and d?
9
Let h = 1 + 0. Suppose -2*n + 1 = -h. What is the highest common divisor of 1 and n?
1
Let m(n) = -n + 5. Let y be m(-13). Calculate the greatest common factor of 6 and y.
6
Suppose 2*t + 5*d - 130 = 0, -t + 5*d - 70 = -2*t. Calculate the greatest common divisor of t and 20.
20
Let d = -49 + 58. What is the highest common divisor of 36 and d?
9
Suppose -m - a + 19 = 0, 3*m - 45 = 2*a + 22. Let o = -17 + 31. What is the greatest common divisor of m and o?
7
Suppose 3*b - 70 - 50 = 0. Let n be (-12)/18 - b/(-6). Calculate the highest common divisor of 2 and n.
2
Let j(i) = i**2 - 5*i - 5. Let p be j(7). Let q(u) = 4*u - 6. Let n be q(p). Suppose 0 = -5*b + 27 + 23. Calculate the highest common factor of b and n.
10
Suppose 0 = 3*o - 2 - 10. Let c = -10 + 18. Let g be (-2 + c)*22/3. What is the highest common divisor of g and o?
4
Suppose -1 = u - 2*u. Let l be (1 + u)*51/6. Calculate the greatest common divisor of l and 85.
17
Let w(c) = -2*c**3 - c - 2. Let n be w(-2). What is the highest common factor of 2 and n?
2
Suppose 4*r + 87 = 15. Suppose -59 = -2*m - 1. Let t = r + m. Calculate the highest common factor of t and 11.
11
Let d(o) = -o. Let a be d(-3). Suppose 18 = q - 0*x - 2*x, 2*q - a*x = 33. Let z be (-2)/3 + (-398)/(-3). Calculate the greatest common factor of q and z.
12
Let k be (-7 + 5 - -1)*-19. Calculate the highest common factor of 19 and k.
19
Let c be (-3)/(-2)*(-40)/(-6). Let g(d) = -19*d - 5. Let m be g(-5). What is the greatest common divisor of c and m?
10
Let s = 30 + -50. Let p = s + 36. Calculate the highest common factor of 144 and p.
16
Suppose -5*s + 330 = -210. Calculate the highest common factor of s and 12.
12
Let l = 4 - 4. Suppose l = 2*m - 4*m + 22. Calculate the greatest common factor of 11 and m.
11
Let n = -7 + 15. What is the highest common divisor of n and 88?
8
Suppose 2*w - 134 + 50 = 0. What is the greatest common divisor of w and 28?
14
Suppose 0 = -v + 1 - 2. Let c be (21/(-12))/(v/4). Calculate the highest common factor of 56 and c.
7
Let n(z) = -z. Let x be n(-2). Let o be (x - 2)/(2/(-1)). Suppose -3